2?
333
Calculate the remainder when 4217 is divided by 268.
197
What is the remainder when 5583 is divided by 2619?
345
Calculate the remainder when 1707 is divided by 190.
187
Calculate the remainder when 1133 is divided by 642.
491
What is the remainder when 29251 is divided by 4173?
40
Calculate the remainder when 15671 is divided by 1679.
560
Calculate the remainder when 279448 is divided by 93149.
1
What is the remainder when 1668746 is divided by 25?
21
Calculate the remainder when 82541 is divided by 724.
5
Calculate the remainder when 21865 is divided by 270.
265
Calculate the remainder when 148667 is divided by 156.
155
Calculate the remainder when 444943 is divided by 222464.
15
Calculate the remainder when 885304 is divided by 928.
920
Calculate the remainder when 13571 is divided by 424.
3
Calculate the remainder when 1113 is divided by 388.
337
Calculate the remainder when 1841 is divided by 1148.
693
What is the remainder when 1810 is divided by 358?
20
What is the remainder when 763 is divided by 344?
75
Calculate the remainder when 34089 is divided by 282.
249
Calculate the remainder when 386201 is divided by 19.
7
What is the remainder when 1782 is divided by 17?
14
What is the remainder when 14665 is divided by 489?
484
What is the remainder when 1649 is divided by 311?
94
What is the remainder when 295760 is divided by 89?
13
What is the remainder when 794963 is divided by 438?
431
What is the remainder when 1805 is divided by 418?
133
What is the remainder when 21203 is divided by 105?
98
Calculate the remainder when 276546 is divided by 15.
6
What is the remainder when 880 is divided by 365?
150
What is the remainder when 12850 is divided by 15?
10
What is the remainder when 55982 is divided by 6219?
11
What is the remainder when 48480 is divided by 123?
18
Calculate the remainder when 555655 is divided by 756.
751
What is the remainder when 667640 is divided by 463?
457
Calculate the remainder when 2716 is divided by 1293.
130
Calculate the remainder when 2426 is divided by 219.
17
Calculate the remainder when 471 is divided by 91.
16
What is the remainder when 26683 is divided by 741?
7
What is the remainder when 45750 is divided by 7623?
12
What is the remainder when 2036 is divided by 80?
36
What is the remainder when 92540 is divided by 327?
326
What is the remainder when 831 is divided by 202?
23
Calculate the remainder when 1827 is divided by 1813.
14
Calculate the remainder when 7407 is divided by 2469.
0
What is the remainder when 20173 is divided by 249?
4
What is the remainder when 2750399 is divided by 450?
449
What is the remainder when 8382 is divided by 2786?
24
What is the remainder when 3702 is divided by 160?
22
What is the remainder when 133252 is divided by 19036?
0
Calculate the remainder when 364 is divided by 14.
0
What is the remainder when 2435 is divided by 297?
59
Calculate the remainder when 37535 is divided by 6.
5
Calculate the remainder when 1583 is divided by 510.
53
Calculate the remainder when 10784 is divided by 240.
224
Calculate the remainder when 4189686 is divided by 1533.
1530
What is the remainder when 2626 is divided by 12?
10
What is the remainder when 116252 is divided by 74?
72
What is the remainder when 238150 is divided by 80?
70
Calculate the remainder when 7457 is divided by 2479.
20
What is the remainder when 12397 is divided by 322?
161
What is the remainder when 89015 is divided by 44503?
9
Calculate the remainder when 3216 is divided by 27.
3
Calculate the remainder when 12336 is divided by 1771.
1710
What is the remainder when 2380 is divided by 2365?
15
What is the remainder when 6146 is divided by 304?
66
What is the remainder when 18414 is divided by 485?
469
Calculate the remainder when 77129 is divided by 305.
269
Calculate the remainder when 17461 is divided by 412.
157
What is the remainder when 6549 is divided by 6439?
110
What is the remainder when 107148 is divided by 35695?
63
What is the remainder when 5693 is divided by 465?
113
What is the remainder when 170980 is divided by 274?
4
Calculate the remainder when 6351 is divided by 350.
51
Calculate the remainder when 846294 is divided by 846284.
10
Calculate the remainder when 271875 is divided by 56.
51
What is the remainder when 1104 is divided by 93?
81
Calculate the remainder when 2287 is divided by 8.
7
What is the remainder when 15859 is divided by 77?
74
Calculate the remainder when 26837 is divided by 48.
5
Calculate the remainder when 1232 is divided by 307.
4
What is the remainder when 411525 is divided by 60?
45
Calculate the remainder when 2974 is divided by 56.
6
Calculate the remainder when 1723626 is divided by 34.
30
What is the remainder when 51688 is divided by 184?
168
What is the remainder when 1103645 is divided by 1516?
1513
Calculate the remainder when 85287 is divided by 1254.
15
Calculate the remainder when 7501 is divided by 495.
76
Calculate the remainder when 5560 is divided by 5559.
1
Calculate the remainder when 29023 is divided by 129.
127
Calculate the remainder when 5445 is divided by 99.
0
Calculate the remainder when 8591 is divided by 14.
9
What is the remainder when 3530604 is divided by 194?
192
What is the remainder when 11915 is divided by 44?
35
Calculate the remainder when 837670 is divided by 25.
20
What is the remainder when 15848 is divided by 5188?
284
What is the remainder when 6863 is divided by 89?
10
Calculate the remainder when 99137 is divided by 22.
5
What is the remainder when 29346 is divided by 181?
24
Calculate the remainder when 4859 is divided by 38.
33
What is the remainder when 376446 is divided by 136?
134
What is the remainder when 1404 is divided by 244?
184
Calculate the remainder when 3597 is divided by 1056.
429
Calculate the remainder when 2853 is divided by 729.
666
Calculate the remainder when 7714 is divided by 609.
406
What is the remainder when 16287 is divided by 3256?
7
What is the remainder when 58430 is divided by 332?
330
Calculate the remainder when 63967 is divided by 1185.
1162
What is the remainder when 137952 is divided by 26?
22
What is the remainder when 295918 is divided by 546?
532
What is the remainder when 1023 is divided by 173?
158
What is the remainder when 162046 is divided by 211?
209
Calculate the remainder when 6898 is divided by 2292.
22
What is the remainder when 95325 is divided by 12?
9
Calculate the remainder when 7012 is divided by 319.
313
What is the remainder when 75645 is divided by 4727?
13
Calculate the remainder when 88670 is divided by 1673.
1
What is the remainder when 164747 is divided by 659?
656
Calculate the remainder when 211912 is divided by 366.
364
What is the remainder when 50388 is divided by 90?
78
Calculate the remainder when 2403 is divided by 1196.
11
Calculate the remainder when 10699 is divided by 5345.
9
What is the remainder when 12136 is divided by 176?
168
What is the remainder when 283212 is divided by 34?
26
Calculate the remainder when 2176997 is divided by 28.
25
What is the remainder when 286878 is divided by 133?
130
Calculate the remainder when 133875 is divided by 2.
1
Calculate the remainder when 3214 is divided by 759.
178
Calculate the remainder when 3728 is divided by 9.
2
Calculate the remainder when 296002 is divided by 53.
50
Calculate the remainder when 177221 is divided by 38.
27
Calculate the remainder when 15711 is divided by 111.
60
What is the remainder when 33529 is divided by 33523?
6
What is the remainder when 184141 is divided by 36827?
6
What is the remainder when 293 is divided by 199?
94
What is the remainder when 2397 is divided by 35?
17
What is the remainder when 4335 is divided by 114?
3
What is the remainder when 270 is divided by 109?
52
Calculate the remainder when 548686 is divided by 28.
26
What is the remainder when 21017 is divided by 5141?
453
What is the remainder when 68766 is divided by 6876?
6
What is the remainder when 34000 is divided by 971?
15
What is the remainder when 135129 is divided by 17?
13
What is the remainder when 3986 is divided by 7?
3
Calculate the remainder when 95283 is divided by 31753.
24
What is the remainder when 2675 is divided by 332?
19
What is the remainder when 14670 is divided by 541?
63
Calculate the r